e third derivative of 0 - 1/40*i**5 + 0*i**3 + i**2 + 0*i - 1/12*i**4 - 1/720*i**6. Let p(k) be the second derivative of q(k). Give p(0).
-3
Let z be 34/(-6) + (-2)/(-3). Let c(u) = -u**3 - 4*u**2 + 3*u + 4. Calculate c(z).
14
Let b(r) = -r**2 + r + 2. Suppose 3*o = -o + 5*c - 33, 2*o - 3*c = -19. Calculate b(o).
-4
Let q(m) = -13*m**2 + 3*m - 10. Let y(n) = -4*n**2 + n - 3. Let o(i) = -2*q(i) + 7*y(i). Give o(1).
-2
Let h(b) = b + 5. Let x = -57 + 53. Give h(x).
1
Let x = 10 - 6. Suppose -8*p + x*p = -o - 19, 2*p + 5*o = 15. Let j(b) = -b**3 + 6*b**2 - 3*b - 4. Calculate j(p).
6
Let j = -2 + 2. Let m = 2 - j. Suppose m*q - 9 = 3*n + 5, -4*n + 12 = 5*q. Let k(t) = -t + 3. Determine k(q).
-1
Let u(o) = o**3 - 4*o**2 - o + 5. Let f be u(4). Let b(r) = 5*r - f + 1 - r**2. Determine b(4).
4
Let f(u) = 3*u - 3. Suppose 5*j = -3*n - 0*n + 105, 2*n = -3*j + 70. Suppose -5*a + n = -0*a. Let z be (-1)/(2 + a/(-3)). What is f(z)?
6
Let n = -4 + 7. Let u(q) = -25 + 57 - 28 - 6*q. Give u(n).
-14
Let c(b) = -3*b + 8*b + 4 - 2*b**2 + b**2. Suppose 0 = -0*l - 2*l + 12. Determine c(l).
-2
Let c(s) = s - 1. Let b(n) = -n**2 + 9*n - 11. Let g(r) = b(r) - 2*c(r). What is g(6)?
-3
Let t(y) = 2*y - 8. Let l be t(6). Let o = 20 - 12. Let k(j) = 5 - 5*j - j**2 - 5*j + 4*j + o*j. Determine k(l).
-3
Let c(t) = t**2 - 5*t + 2*t + 5*t + t**3. Let y = -8 + 10. Suppose 3*s - 3*w + 6 = 2*w, w = -y*s - 4. Give c(s).
-8
Let b(g) be the third derivative of -g**8/10080 + g**7/1260 - g**6/720 - g**5/30 + g**2. Let x(k) be the third derivative of b(k). Give x(3).
-7
Let o be -6 + 2/(-2) + 3. Let j(y) = y**3 + 5*y**2 - 1. What is j(o)?
15
Let h(o) be the first derivative of o**2/2 - 3*o + 3. Let y = -9 + 15. Determine h(y).
3
Let s(h) be the first derivative of -h**3/3 + 3*h**2 - 5*h + 20. Give s(5).
0
Suppose 0 = 3*v - 6*v + 6. Let t(f) = 23*f**2 + 11*f + 20. Let u(c) = 8*c**2 + 4*c + 7. Let h(d) = 6*t(d) - 17*u(d). Calculate h(v).
5
Suppose 5*y - 17 = -17. Let s(v) = -v**3 + v**2 + 12. Give s(y).
12
Let w(g) = g**2 - 3*g + 3. Let x(k) = -4*k**2 + 1. Let i be x(-1). Let q(p) = 2*p**2 - 5*p + 7. Let b(f) = i*q(f) + 7*w(f). Calculate b(7).
7
Let l(k) = -10 - k**3 + 15 + 6*k**2 + 3 + 9*k. Calculate l(7).
22
Let n(a) = -a**2 - 2*a - 7. Let r(f) = 2*f**2 + f + 7. Let g(x) = 5*n(x) + 4*r(x). Let c(t) = -4*t**2 + 6*t + 8. Let u(m) = 4*c(m) + 5*g(m). Give u(-4).
5
Let a = 2 - -3. Let x be (0 - -3 - -2)*1. Let c(p) = 0 - 3*p + x*p - 7. Determine c(a).
3
Let a be (-4)/(-10) + (-43)/(-5). Let t be 24/a - 2/3. Let i(k) = -2*k**2 + 0*k**t + 1 + k**2 - k + 2*k. Determine i(3).
-5
Let x = -15 + 17. Let n(f) = f**x - 6 - 8*f - f + 4*f. Determine n(6).
0
Let o(k) = k + 6. Let n = -27 - -22. What is o(n)?
1
Let s(a) be the third derivative of a**6/120 + a**5/12 + a**4/8 + a**3/3 + 6*a**2. Let f = 5 + -9. Give s(f).
6
Let b(u) = 2*u + 2. Let s(d) = -d + 12. Let z be (-41)/(-4) + (-2)/8. Let r be s(z). Suppose 0*a + 11 = -r*a + 3*f, 2*a - 4*f = -12. Determine b(a).
-6
Let i(r) = -r**2 - 9*r - 12. Suppose -30 = 22*l - 17*l. Determine i(l).
6
Let m(t) be the first derivative of -2*t**3/3 + 20. Give m(-3).
-18
Let m(x) be the first derivative of x**4/4 + 4*x**3/3 - x**2/2 + 6*x - 3. Suppose 15 = -2*f - f. Determine m(f).
-14
Let w = -5 - -7. Suppose 0 = -4*a - h + 12, 5 = 4*a + 5*h - 7. Let s(t) = -t**a - 2*t + 2*t**2 - t + 4 - 3. What is s(w)?
-5
Let s(o) = o**2. Let i(l) = -3*l**2 - l. Let n be (-2 - -4) + 3/(-1). Let u(w) = n*i(w) - s(w). Calculate u(-2).
6
Suppose -3*n - 5*m - 6 = 0, 3*n + 2*n + 5*m = 0. Let a(g) = -8*g - 4 + 4*g**2 - n*g**2 + 10*g. What is a(-4)?
4
Suppose 0 = j + 5*l - 22, -j - l = 5 - 7. Let i(r) be the first derivative of -r**3/3 - r**2/2 - r - 1. What is i(j)?
-7
Let d be (2/(-8))/(6/(-24)). Let o = -1 + 4. Let x = o + d. Let a(f) = f**3 - 3*f**2 - 3*f - 4. What is a(x)?
0
Let f(b) = -4 - 4 + 9 - 7*b. Calculate f(1).
-6
Let z(o) be the second derivative of o**8/6720 - o**7/504 + o**6/240 - 7*o**5/120 - o**4/2 - 3*o. Let v(r) be the third derivative of z(r). What is v(5)?
8
Suppose -3*l + l + 2 = 0. Let b(m) = m - 1. What is b(l)?
0
Let h(p) = p**3 - p**2 - p. Suppose 3*d = 3*w, -2*d + 3*d + w = -2. What is h(d)?
-1
Let l(g) = -g**3 - 4*g**2 + g - 4. Suppose 35*f + 24 = 29*f. Give l(f).
-8
Suppose -11*p + 8*p - 6 = 0. Let r(f) = -f**3 - 2*f**2 - 1. Give r(p).
-1
Let d(w) = -w**2 - w + 1. Let j(r) = -2*r**2 - 7*r + 4. Let f(m) = 4*d(m) - j(m). Suppose -2*c + 7 = 3. Determine f(c).
-2
Let q be (0/1)/(-1) - -3. Let d(k) = -k**3 - k + 0*k**2 + 3*k**2 + 2*k - 2. What is d(q)?
1
Let h(g) = 1. Let y(f) = -f + 3. Let d(o) = 6*h(o) + y(o). Determine d(7).
2
Let t(z) = 2*z**2 + 6*z**3 - 4*z**2 - 2*z**2 + z - 7*z**3. What is t(-2)?
-10
Let b(d) = -3*d + 1. Let z be b(1). Let g(n) = -3*n**2 + 2*n + 3. Let c(l) = 4*l**2 - l - 3. Let x(v) = z*c(v) - 3*g(v). Determine x(4).
-3
Let g(k) = 2*k + k**2 - 1 + 0 + k + 4. Suppose p + 5 = 3. Give g(p).
1
Let n(o) = 2 - 22*o**2 + 36*o**2 - 2*o - 18*o**2. Determine n(-2).
-10
Let a = 39 - 45. Let h(p) = 2*p + 26. Let b(f) = f + 13. Let g(r) = -5*b(r) + 3*h(r). Give g(a).
7
Let s(t) = t + 2 - 3*t + 3*t. Let c be (-2 - (-8)/6)*3. What is s(c)?
0
Suppose -4*g - 1 = -p, 0 = -2*p + 1 + 1. Let n(f) = g*f + f**2 + f - 1 - f. Let u(k) = -k**2 + 2*k. Let q be u(3). What is n(q)?
8
Let a(o) = 3*o**3 - 1. Let y(q) = -q - 12. Let w be y(-13). Give a(w).
2
Let n(q) be the first derivative of q**4/4 - 2*q**3/3 - q**2 + q - 4. Suppose 4*y - 5*p = -23, -2*y + p + 2*p = 13. Give n(y).
-11
Let w(s) = -s**3 + s**2 - 1. Let l be w(1). Let q(z) = -3*z - z + 1 + 5*z. Let t(i) = 12*i + 10. Let h(o) = 10*q(o) - t(o). Determine h(l).
2
Suppose 2*m + 0 = 2. Suppose 15 + 10 = 5*k. Let b(u) = u**2 - 1 + 2*u - u**2 + k*u**3 - u**2 + 0*u**3. What is b(m)?
5
Suppose v - 3 = 2*m, -4*v + 4 = 5*m + 5. Suppose -4*d + p - 13 = d, 0 = -5*p + 15. Let g(l) = -l + 2. Let s(z) = z + 1. Let w(x) = d*s(x) + g(x). What is w(v)?
-3
Let n(o) = o + 3 + 3 + 1. Calculate n(-4).
3
Let p(i) be the third derivative of -i**8/6720 - i**7/420 + i**6/720 - i**5/15 + 7*i**4/24 + 8*i**2. Let a(w) be the second derivative of p(w). What is a(-6)?
-14
Let f(l) = -l - 1. Let a(d) = -3*d**2 - 4*d - 2. Let n(o) = a(o) - 3*f(o). What is n(1)?
-3
Let s be 4/(-2) - 2/2. Let z(t) = -2 - 7*t - 2*t**2 + t + t + 2*t. Give z(s).
-11
Let q be ((-11)/(-2) + -1)*-2. Let b = q + 11. Let i = b + 1. Let x(f) = f**3 - 4*f**2 + 5*f - 2. What is x(i)?
4
Let p(k) = -2*k**3 - 2*k - k**3 - 1 + 4*k**3. Let b(n) = -5*n**2 + 4*n**2 + 0*n**2. Let r be b(1). What is p(r)?
0
Let c(i) be the second derivative of i**3/6 - 5*i**2/2 - 8*i. Let m be c(7). Let w(z) = 4*z - 2. What is w(m)?
6
Suppose -z - 4*t = -8, 2*z = -6*t + 3*t + 11. Let c(d) = z - 1 + 11*d - 3 + 1. What is c(-1)?
-10
Let v(s) = s + 4 - 4 - s**3 - 5 - s**2 + 4. Give v(-2).
1
Let d(c) = -6*c**2 - 10*c + 6. Let m(s) = -7*s**2 - 11*s + 7. Let o(k) = -6*d(k) + 5*m(k). Let a be (-1 + -27)*4/8. Let v = a + 10. Determine o(v).
-5
Let g(x) = -x**3 + 3*x**2 + 3*x + 1. Suppose y + 0*y = 0. Suppose y*n + 5*n - 20 = 0. Give g(n).
-3
Suppose 5*l = -5*p + 50, -5*l + 1 = -3*p - 1. Let r(t) = t + 4 - 1 - p. Suppose -n = -3*n. What is r(n)?
-3
Let z(o) be the first derivative of o**4/4 - o**3 + o**2/2 + 2*o + 14. What is z(2)?
0
Suppose 4*a - 20 - 4 = 0. Let y(i) = -i**3 + 7*i**2 - 6*i + 8. Calculate y(a).
8
Let h(a) = -a**3 - 720*a + 720*a - 1 - a**2. Calculate h(-1).
-1
Let q(k) be the second derivative of k**4/12 + 5*k**3/6 - 3*k**2/2 - k. Give q(-5).
-3
Let s(o) = 4*o**2 + 10*o + 3. Suppose 5*u = 2*m + 14, -2*m + m = -u + 1. Let y(l) = -7*l**2 - 19*l - 6. Let h(x) = m*y(x) + 5*s(x). What is h(-5)?
7
Let o(f) = 4 - 8*f + 2 - 595*f**2 + 594*f**2. Give o(-8).
6
Let y(d) = -2*d - 2 - 2 + 0. Let s(m) = -31*m**3 + 3*m - 2. Let o be s(1). Let u be (4/(-6))/(o/(-225)). Determine y(u).
6
Let i(m) = 2*m + 6. Suppose -64 = -3*b - 4. Suppose 0 = 3*s + 2*s + b. What is i(s)?
-2
Suppose -7 = 2*l - 15. Let a = 11 - l. Let c(r) = 2*r + r + a*r. Give c(-1).
-10
Let j(q) = q**2 + 5*q + 2. Let l = 21 + -13. Suppose -2*m + 4*m = -l. What is j(m)?
-2
Suppose 3*z + q - 3*q = 33, -4*z = 4*q - 24. Suppose 3*y + 5 + z = c, 0 = 4*y + 2*c + 2. Let s(k) be the first derivative of -k**2 - 4*k - 2. Determine s(y)